 the first derivative of 0*y - d*y**2 - 14. Determine s(1).
-11
Let m(l) = -l**2 - l. Let t(i) be the first derivative of i**4/4 - 14*i**3/3 - 33*i**2/2 + 21*i - 17. Let n be t(16). Determine m(n).
-30
Let a = -806 + 809. Let d(u) = -16*u**2 + 50*u - 5. Give d(a).
1
Let o(w) = -2*w + 40. Let l be (20*1)/((-2)/75*-25). Determine o(l).
-20
Let p(d) = -d + 2. Let o(t) = t**2 - 13*t + 10. Let r be o(6). Let y be 80/2 + (1 - 12) + 9. Let l = y + r. Determine p(l).
-4
Let i = -8394 + 8388. Let u(n) = 4 - 9 - 1 + n. What is u(i)?
-12
Let p(v) be the third derivative of -13*v**4/12 - 41*v**3/2 - 93*v**2. Let a be p(-5). Let y(h) = 4*h - h - 4*h. Calculate y(a).
-7
Let g(b) = 130*b**2 - 119*b**2 - 5*b**3 + 37 - 96*b + 99*b + 6*b**3. What is g(-11)?
4
Let q be (20/6)/((-6)/9). Let m = q + 3. Let y(n) be the third derivative of -n**5/20 - n**4/8 - 806*n**2. Determine y(m).
-6
Let o(y) = -2*y**2 + 17*y + 7. Let r(h) = h**3 + 20*h**2 - 157*h - 2016. Let p be r(-23). Determine o(p).
15
Let q(h) = -h + 3. Let i = 600 + -592. Let l be 6/(-24) - (-82)/i. Calculate q(l).
-7
Let t(w) = -45*w - 120. Let s(z) = -111*z - 242. Let c(n) = -2*s(n) + 5*t(n). What is c(-41)?
7
Let w = 148 + -146. Let s(r) = -5*r - 4 + 9*r + w + 1. Let k be (1 - -4)*2/10. Calculate s(k).
3
Let d be (-14)/(-28) + (-9)/(-2). Let w(h) = -238*h + 462*h + h**2 - 233*h + 5. Determine w(d).
-15
Let z = -3261 + 3264. Let n(m) be the second derivative of -7*m + 1/2*m**z + 0 + m**2. What is n(-4)?
-10
Let m(u) = u + 4. Let k(l) = -2 + 5 + 1 - 8. Let y(p) = -4*k(p) - 5*m(p). Suppose 34*i + 27 = 25*i. Give y(i).
11
Let n(k) = k**3 - 3*k**2 - 4*k + 6. Let z = -24 - -28. Let i be n(z). Let p(g) = -i*g - 2 - 7*g + 15*g. Determine p(-2).
-6
Suppose p - 36 = -m - 24, -4*p = -2*m - 24. Let a(z) = z**2 - 5*z - 22. What is a(p)?
2
Let v(m) = -m**3 + 2*m**2 - m + 4. Let p(i) = i + 4. Let b be p(0). Let h = -2215 + 2219. Suppose -9 = -b*j + d, j - 10 = -h*d + 5. Give v(j).
-8
Let k = -356 - -358. Let t(n) = -4*n**3 + 3*n**2 - 2. Calculate t(k).
-22
Suppose -5*h + 6*o + 50 = o, -38 = -4*h + 5*o. Let v be ((-3)/(-2))/((-9)/(-12)). Let m(i) = 7 - 14 + h + 4*i - i**v. What is m(5)?
0
Let j(h) = -200*h - 22. Let i(k) = 124*k + 14. Let d(q) = -8*i(q) - 5*j(q). Calculate d(5).
38
Let k = -2868/5 + 17213/30. Let q(i) be the third derivative of -1/6*i**5 - 3/8*i**4 + 0 + 0*i - 1/120*i**6 - 15*i**2 + k*i**3. Calculate q(-9).
1
Let b(c) = -269074*c**3 + 8*c**2 + 3 + 3*c - 14*c + 269075*c**3. Determine b(-9).
21
Let t(s) be the second derivative of -1/6*s**3 + 4/5*s**5 + 1/2*s**2 + 0*s**4 + s + 0. Let r be (-10)/(-4) + 6/4*-1. Give t(r).
16
Let j be 525/(-45)*(-3)/5. Let f(p) = 5 - j*p**2 + 6*p**2 - 11*p + p. Calculate f(-11).
-6
Suppose -460 = -22424*m + 22309*m. Let k(t) = -3*t**2 + 20*t + 8. Let q(u) = u**2 - 7*u - 3. Let a(x) = -6*k(x) - 17*q(x). Give a(m).
15
Suppose 4*n - 20 = 64. Suppose -5*r + 19 = -n. Let x = r + -1. Let v(a) = -a + 2. Determine v(x).
-5
Let o(f) = 7*f - 9. Suppose 4*p - 2*u + 9 + 3 = 0, 4*p = -5*u + 2. Let g(h) = -3*h + 5. Let y(b) = p*o(b) - 5*g(b). Give y(9).
2
Suppose -841*x = -837*x + 5*t - 10, 0 = -4*x + 4*t + 28. Let c(i) be the third derivative of i**4/12 - i**3/2 + 2*i**2. Determine c(x).
7
Let p(s) = -4*s**3 + 7*s**2 + 44*s - 49. Let q(j) = j**3 - 2*j**2 - 11*j + 12. Let g(u) = 2*p(u) + 9*q(u). Calculate g(5).
-20
Suppose -12 = 3*f - 0. Let z be (-1 + -4 - f)*0. Suppose -h + 4*v + 2 = z, 3*h - 6 = 4*v - 7*v. Let l(y) = y + 2. What is l(h)?
4
Suppose 0 = -21*i + 14*i + 5*v - 98, 0 = -5*i - 2*v - 109. Let n(p) = p**2 + 18*p - 12. Calculate n(i).
7
Let m(a) be the third derivative of a**6/60 - a**5/30 - a**4/8 + a**3/2 + 65*a**2 + 8. Suppose -5*l + 6 = -4. Give m(l).
5
Let y(g) be the second derivative of -5*g**3/3 + 167*g**2/2 - 128*g - 11. Give y(16).
7
Let p(u) = -u**3 - u**2 - 4*u - 3. Let o(d) be the second derivative of -d**4/12 + 7*d**2 - 3*d - 7. Let y be o(4). Determine p(y).
9
Let b(v) = -2*v**3 - 17*v**2 + 30*v - 2. Let y be b(-10). Let h be ((-62)/93)/(y/(-6)) - -7. Let w(z) = z + 8. Calculate w(h).
13
Let v = 5 + -5. Let y(q) be the second derivative of q**4/12 - q**3/6 - 3710*q. Calculate y(v).
0
Let f(z) be the third derivative of z**6/120 + 2*z**5/15 - z**4/3 + 13*z**3/6 + 660*z**2. Determine f(-9).
4
Let p(c) be the third derivative of -c**6/120 + 7*c**5/60 - 5*c**4/24 - c**3/6 + 3099*c**2 - 2*c. Give p(6).
5
Let h(z) be the third derivative of -3*z**4/4 - 56*z**3/3 + 2062*z**2. Calculate h(-6).
-4
Let u(s) be the second derivative of s**4/12 - 4*s**3/3 - 7*s**2/2 - 4*s + 6. Let h(w) = -2*w**2 + 9*w + 7. Let l(k) = 2*h(k) + 3*u(k). Determine l(-7).
-14
Let a(k) = -k**2 - 8*k - 12. Let c = -4054 + 4049. Determine a(c).
3
Suppose -2*b - 8 = 2*q, -560 = 2*b - 546. Let p(o) be the first derivative of o**3 - 3*o**2/2 - o + 3. Give p(q).
17
Let l = 43 + -23. Let s = l - 15. Let u(p) = 288*p - 6 + 38*p**2 + 291*p - 43*p**2 - 580*p + p**3. Calculate u(s).
-11
Let j(a) = -92 + 90 - 3*a - 5*a**2 + 4*a + 2*a**2. Let o be ((-48)/(-156))/((-6)/(-39)). Calculate j(o).
-12
Let v(s) = -2*s + 15. Let o be v(7). Suppose 0 = -f + 9 - o. Suppose w = x + 1 - f, -3*w = 2*x + 6. Let i(n) = -2*n**3 + 5*n**2 - 5*n + 3. Determine i(x).
-21
Let r = 4 + -2. Suppose 41*s - 32*s = 45. Let y(l) = -l**2 + 2*l + 0*l**r - 5 + s*l - 2. Determine y(6).
-1
Let c(k) be the third derivative of -k**6/120 + 11*k**5/60 - 5*k**4/8 + k**3/6 - 1095*k**2. Calculate c(10).
-49
Suppose 4*s + 7*d + 4 = 3*d, 0 = 4*s - 2*d + 10. Let k be s/(20/706) + (-28)/70. Let y = k + 76. Let z(p) = -2*p + 6. Determine z(y).
-4
Let w(l) be the first derivative of -l + 574 + 570 - 1107 + 3*l**2. Suppose -4 = v, 6*v = -3*p + 4*v - 5. Determine w(p).
5
Let x(n) = 9*n - 27. Suppose -244*f = -242*f - 2, 3*m - 11 = 4*f. Determine x(m).
18
Let i(u) = -u**3 - 6*u**2 - 4*u - 9. Let a(h) = -1886*h + 11312. Let o be a(6). What is i(o)?
-25
Let j(g) = -3*g - 12. Let x = 3945 + -3955. What is j(x)?
18
Let j = 690 + -667. Suppose -3*m - j = 4*a, -37*m + a + 3 = -35*m. Let g(f) = 2*f + 1. Give g(m).
-1
Let s(t) = 14*t - 8 - 17*t + 20*t + 7*t**2 + 3 - 2*t**2. Let h(n) = 2*n**2 + 8*n - 3. Let k = 6 + -3. Let l(c) = k*s(c) - 7*h(c). Determine l(4).
2
Let d(o) = -o**2 - 9*o + 47. Let s = -5317 + 5305. What is d(s)?
11
Let c(d) = 6*d**3 - 14*d**2 - 10*d. Let w(h) = -8*h**3 + 17*h**2 + 15*h. Let u(p) = -3*c(p) - 2*w(p). What is u(4)?
0
Let b(q) = q**2 + 5*q - 6. Let s be b(-7). Let i(y) = 3 + 17*y**2 - 21*y**2 + 0 + s*y + 5*y**2. What is i(-9)?
12
Let s(w) be the third derivative of w**5/60 + w**4/8 + w**3/3 - 121*w**2 - 6. Suppose 1 = -2*i - 3. What is s(i)?
0
Let r(v) be the first derivative of 7*v**4/4 - v**2 + v + 1631. Suppose 0 = 4*y + 3*o + 18, -2*y - y - 17 = 4*o. Let l be (3/(-9))/(1/y). What is r(l)?
6
Suppose 4*t + 1 = -5*u, 33*t = 4*u + 35*t + 2. Let z(q) = -2*q**3 - q**2 - 3*q - 2. Calculate z(u).
2
Let x = 508/43 - 2833/258. Let i(t) be the third derivative of -1/60*t**5 - 24*t**2 + 0*t + 0 - 1/8*t**4 + x*t**3. What is i(-7)?
-23
Let v(n) = 7*n**3 - 2*n - 1. Let u = 443 + -636. Let q = u - -192. Give v(q).
-6
Let z(a) = a**3 + a**2 - a + 52. Let h = -1312 - -1312. Calculate z(h).
52
Let s(c) = 2*c**2 + 117*c - 2292. Let o be s(-74). Let u(z) = 5*z**3 - 5*z**2 + z + 1. Calculate u(o).
23
Let q(t) = -t**2 + 9*t + 3. Let g be q(8). Suppose -9 = -5*i + g. Let l(a) = -6*a. Let h(v) = 20*v + 1. Let c(k) = -2*h(k) - 7*l(k). Calculate c(i).
6
Let g(y) = -994*y**2 + 6*y + 33 + 16*y + 5*y - y + 993*y**2. Determine g(27).
6
Let s(c) be the first derivative of -c**2/2 - 22*c - 335. Determine s(-17).
-5
Suppose 54 = -3*i - 4*c, 36 = -2*i + 19*c - 24*c. Let m(n) = n**3 + 18*n**2 + n + 25. What is m(i)?
7
Let i(x) = -42*x + 15*x - 5019 + 5018. What is i(2)?
-55
Let d be 0 + (0 - 2) - 4/1. Let z = d + 13. Let s(y) = 0*y**3 + 1 + y**3 - 8*y**2 + 5*y + 5. Determine s(z).
-8
Suppose 0 = -5*r + 40 + 35. Suppose 3*j = 4*b - 12, -2*b + r = j - 1. Let c(n) = n**2 - 6*n + 9. Give c(b).
9
Let b(i) = i + 4. Let v be b(0). Let n(s) = v - 69*s - 2*s**2 - 3 + 77*s. Let y be n(4). Let h(c) = 8*c**2 - 1. Give h(y).
7
Let h(n) = -10*n**3 + 212*n**2 - 37*n - 99. Let g be h(21). Let l(v) = -2*v**2 - 6*v + 4*v**2 + 7 - v. Determine l(g).
37
Let v(f) = -9*f + 75. Let t be